ainder when b(r) is divided by 8?
7
Let o(v) = 5*v - 9. Let x = 21 + -1. Calculate the remainder when x is divided by o(4).
9
Let z(u) = -u**2 - 9*u - 9. What is the remainder when 16 is divided by z(-6)?
7
Suppose 0*w = -5*w - 5. Calculate the remainder when (w - (0 + -2)) + 5 is divided by 3.
0
Let m be -1 - ((-4)/2 + -4). Calculate the remainder when 10 is divided by ((-6)/m)/((-30)/75).
1
Suppose 3*h = 6*h - 27. Suppose 0 = -l + 3*l - 4*m + 144, l = -3*m - 92. Let j = -56 - l. What is the remainder when j is divided by h?
6
Let a(m) = -m**2 + m - 4. Let o be a(0). Suppose -4*n + 185 = n. Calculate the remainder when n is divided by (26/o)/(1/(-2)).
11
Suppose -3 = -3*r + 3. Suppose 0 = -r*y + 6 + 2. Let t(g) = 6*g - 4. What is the remainder when 59 is divided by t(y)?
19
Calculate the remainder when 2/10 + (-1312)/(-40) is divided by 9.
6
Let l = -11 + 19. What is the remainder when l is divided by 5?
3
Suppose -156 = -2*g + 4*i, 2*i + 253 = 3*g + 7. Calculate the remainder when g is divided by 10.
4
Suppose -2*o - 22 = -76. Calculate the remainder when o is divided by 7.
6
Let n = 17 - 1. Suppose 2 = -2*t - 4. What is the remainder when n is divided by (t/4)/((-2)/24)?
7
Let b be (-1)/(((-12)/(-100))/(-3)). Suppose -t - 2*q + b = 2*q, 0 = -2*t - 5*q + 38. What is the remainder when 42 is divided by t?
6
Calculate the remainder when (-48 - 5)*3/(-3) is divided by 19.
15
Let m = -9 - -38. What is the remainder when m is divided by ((-6)/(-1))/2*5?
14
Let i(b) = -b**3 + 16*b**2 - 41*b + 5. What is the remainder when i(12) is divided by 15?
14
Suppose 0 = -5*s + 4*j + 155 + 150, 0 = -2*s + 5*j + 139. Calculate the remainder when s is divided by 20.
17
Suppose 0 = -2*p - 2*p. Suppose p = 4*v - 274 - 66. Suppose 5*g - z - v = 0, 68 = 4*g + z - 3*z. Calculate the remainder when 50 is divided by g.
16
Let f(x) = -12*x + 0*x**2 - 3*x**2 - 10 - x**2 + 3*x**2. Calculate the remainder when 43 is divided by f(-8).
21
Let c(m) = m + 3*m + m. Let q = -21 + 35. Calculate the remainder when q is divided by c(1).
4
Let m(w) be the first derivative of w**3/3 - 15*w**2/2 + 18*w - 5. Calculate the remainder when 4 is divided by m(14).
0
Suppose 2 = 2*j + 4*r, -7*r = 2*j - 2*r + 2. Suppose -j = 3*u - 54. What is the remainder when u is divided by 8?
7
Suppose 76 = 3*h - g, 0*h + 5*g = -2*h + 79. Calculate the remainder when h is divided by 7.
6
Calculate the remainder when 59 is divided by (-140)/(-12) + (-1)/(-3).
11
Let u = 5 + -1. Suppose 10 = l + u*l. Suppose 0 = 2*g - j - 87, 0 = -3*g - 4*j + 138 - l. What is the remainder when g is divided by 15?
14
Let z(m) be the second derivative of 11*m**4/6 - m**3/6 + m**2/2 - m. Let d be z(1). Suppose -3*j = -j - d. What is the remainder when 31 is divided by j?
9
Suppose 15*q + 70 = 20*q. What is the remainder when 25 is divided by q?
11
Let q(c) = c + 9. Calculate the remainder when q(-5) is divided by 1.
0
Let m be ((-1)/(-2))/(1/36). Let g = m - -53. What is the remainder when g is divided by 18?
17
Let u be 4 - -1 - (-3)/(-1). Suppose -c - u*c = -174. What is the remainder when c is divided by 20?
18
Suppose 6 = 2*l, -2*a + 78 = l + 3*l. Calculate the remainder when a is divided by 5.
3
Suppose -6*i - 257 = -17. What is the remainder when (16 - 1)*i/(-15) is divided by 14?
12
Let w(p) = p**2 + 6*p + 11. Let c(g) = g**3 - 4*g**2 - 4*g + 5. What is the remainder when c(6) is divided by w(-7)?
17
Let j(a) = -6*a + 11. Calculate the remainder when j(-3) is divided by (-66)/(-8) - 1/4.
5
Suppose 0 = 2*x - 12 - 8. What is the remainder when 17 is divided by x?
7
Let f = -7 - -7. Suppose f = -2*h - 5*v + 9 - 0, -4*h + 24 = 4*v. What is the remainder when h is divided by 4?
3
Let d(b) be the first derivative of b**2/2 + 3. What is the remainder when 11 is divided by d(3)?
2
Let n be 0 - -4*(-2)/(-4). Calculate the remainder when (37 - 1)*(-1)/(-2) is divided by 133/14 - (-1)/n.
8
Let b(r) = 5*r + 2. What is the remainder when b(3) is divided by 6?
5
Suppose 0 = -n - 4 + 3, -3*i - 2*n = -319. Let w = i - 69. Calculate the remainder when w is divided by 10.
8
Suppose -4*v = 4*d - 16, -37 = -d - 2*d + 2*v. Suppose 66 = 4*n + 2*r, -2*r - 59 = -4*n + 3*r. Calculate the remainder when n is divided by d.
7
Suppose -3*s + 4 = -83. Let a be 0 + -3*(-3)/9. Calculate the remainder when s is divided by ((-2)/5)/(a/(-25)).
9
Suppose 0 = -q + 2*q - 4. Suppose q*r - r - 42 = 0. Calculate the remainder when 40 is divided by r.
12
Let x(h) = h**2 - 4*h + 1. Calculate the remainder when -1 + (25 - (-1 + 2)) is divided by x(5).
5
Suppose 4*o = 6*o - 80. Let q = o + -15. What is the remainder when q is divided by 13?
12
Let d be 7/9 + 4/18. Suppose 5*y + 24 = -d. Let l = 10 + y. Calculate the remainder when 9 is divided by l.
4
Let d = 31 + -13. What is the remainder when 35 is divided by d?
17
Let k(f) = -8*f + 1. Suppose 4*z = -2*i, -z + 4*z + 3*i + 3 = 0. What is the remainder when z + 1 - (1 + -2) is divided by k(0)?
0
Suppose 3*z = -3 - 0. Suppose 0 = -o - 0*o + 7. Calculate the remainder when (-4 - z)*(-100)/15 is divided by o.
6
Suppose 2*v - 2 = 3*v. What is the remainder when 73 is divided by (-38)/(-8)*(v + 6)?
16
Let i = 6 + -4. Let w(q) = -4*q. Let j be w(-7). Suppose -2*z = -j - i. What is the remainder when 43 is divided by z?
13
Suppose -2*v - 85 = -4*v - 5*m, -4*v - 2*m + 146 = 0. Suppose -s = -5*g - 5*s + 111, 0 = -2*g + 3*s + 26. What is the remainder when v is divided by g?
16
Suppose -35 = -5*i + 60. Calculate the remainder when 54 is divided by i.
16
Let x = 11 - 8. Suppose n - 1 = -x*y, -5*n = -0*n + 25. Let h(w) = w**3 - 6*w**2 + 8*w - 12. What is the remainder when h(5) is divided by y?
1
Suppose -2 = -3*s + 4. Let v = 5 - s. Calculate the remainder when 8 is divided by v.
2
Let m(t) = -4*t**2 + 2*t**3 + t + 2*t**2 + 2*t**2 - 1 - 2*t**2. Suppose i + 3 = 5*v, -i + 5*v = -5*i + 13. What is the remainder when m(i) is divided by 4?
1
Suppose 0 = 4*v + 10 - 2. What is the remainder when 34*-3*v/12 is divided by 5?
2
Suppose -31 - 1 = -4*g. Suppose 0*l = l - 5. Calculate the remainder when g is divided by l.
3
Let a(y) = y - 9. Let q be a(10). What is the remainder when 17 is divided by 3 + 2 + q + -1?
2
Let o = 3 + 0. Suppose -o*v = -41 - 7. Calculate the remainder when 29 is divided by v.
13
Suppose -79 = 2*y - 13. Let f = -266 - y. Calculate the remainder when (-4)/(-10) - f/5 is divided by 16.
15
Let d = 73 - 20. Calculate the remainder when d is divided by 27.
26
Let w = 53 + -51. Calculate the remainder when 6 is divided by w.
0
Calculate the remainder when (-3)/2 - (69/(-6) + -1) is divided by 4.
3
Let m = -5 - -5. Suppose m = -3*v + s + s + 35, 5*s - 25 = -5*v. Let h = 16 - v. What is the remainder when h is divided by 4?
3
Calculate the remainder when 2/8 + (-792)/(-32) is divided by 13.
12
Let s(y) = -y**2 - 6*y - 1. Let t be s(-6). Let h = 9 - t. What is the remainder when 37 is divided by h?
7
Let l(r) = r**2 - 12*r. Let a be l(12). Let w be (-1 + a + 2)*3. Suppose -7 = w*s - 40. What is the remainder when 21 is divided by s?
10
Let n(q) = 3*q**2 - 2*q + 3. Let h(z) = z**3 + 7*z**2 + 5*z + 4. Calculate the remainder when h(-6) is divided by n(1).
2
Suppose -12*r = 275 - 683. Suppose -5*w + 0*w = -45. What is the remainder when r is divided by w?
7
Suppose -s = -2*f - 4, s - 2*f = 5*s + 4. Suppose 0 = t - 3 - s. What is the remainder when 8 is divided by t?
2
Suppose 3*i + 3*m - 42 = 0, -2*i + 28 = 4*m + m. Calculate the remainder when 52 is divided by i.
10
Let g(j) = -j**3 - 7*j**2 - 8*j. What is the remainder when 34 is divided by g(-6)?
10
Let u(n) = n + 4. Let t be u(2). What is the remainder when ((-2)/t)/(2/(-234)) is divided by 21?
18
Suppose -5*j + x = -69, 15 + 28 = 3*j - x. Let p = 3 - -2. Calculate the remainder when j is divided by p.
3
Suppose -4*u + 13 = f, 4*f = -u + 4*u + 128. What is the remainder when f is divided by 10?
9
What is the remainder when 1 + (2054/91 - 3/(-7)) is divided by 11?
2
Let o = 12 + -7. Suppose 0 = -o*w + 49 + 66. What is the remainder when w is divided by 8?
7
Suppose 5*b + 78 = 3*w, -5*w = -0*w - 3*b - 146. Calculate the remainder when 57 is divided by w.
26
Suppose 47 = 3*h - 64. What is the remainder when h is divided by 10?
7
Let j be 2/(0 + 1)*35. Let o = j 